*2 - 10*f + 9. Let u(a) = 7*a**3 - 2*a**2 + 2*a. Let g be u(1). Calculate t(g).
-12
Let g = 6 - 3. Suppose 5*c - 115 = -4*t - 30, -t + 30 = g*c. Let x(p) = -10 + 0*p**2 + p**3 - 6*p**2 + t. Calculate x(6).
5
Let z(c) be the third derivative of -c**4/24 - c**3/6 + 3*c**2. Let n(k) be the second derivative of k**3/6 + 2*k**2 - k. Let p be n(-5). Determine z(p).
0
Let u(k) = -k + 5. Let g(h) = -3*h + 14. Let q be 3*4/(12/11). Let c(y) = q*u(y) - 4*g(y). What is c(-5)?
-6
Let t(b) = 13*b + 17*b**3 - 13*b + 1. Let o be (6/(-18))/((-4)/12). Calculate t(o).
18
Let t(c) = -c + 1. Let a be t(-3). Let b(l) be the third derivative of 0*l + 1/120*l**6 + 1/60*l**5 - 1/8*l**a + 2*l**2 + 1/2*l**3 + 0. Determine b(-3).
-6
Let w(j) = j**2 - 5*j + 2. Let o be w(4). Let h(t) = -2*t**3 - 3*t**2 - t - 2. Let a be h(o). Let z(p) = 5*p - 4 - 1 - p**2 + 1. What is z(a)?
0
Let q(u) = -2*u - 1. Let s = 4 - -8. Suppose 0 = i - 0*i - s. Suppose 0 = 3*d + d - i. Determine q(d).
-7
Let k(s) = -s - 3. Let f = 9 + -14. Give k(f).
2
Let t(v) = -v**3 + 3*v**2 + v**2 + 5 - 2*v + 5*v**2 - 4*v**2. Let n be t(4). Suppose -f + n = -4*u + 2*u, 5*u = f - 28. Let h(j) = j. Determine h(f).
3
Let m(i) = -3*i + 3 + 0 + 4. What is m(5)?
-8
Suppose 0 = 14*u - 32 - 122. Let f(b) = -b**2 + 10*b + 14. Calculate f(u).
3
Suppose 4*n + 4 = -0*i - 4*i, 3*i - 4*n + 24 = 0. Let y(j) = -j**2 - 5*j - 1. Let h be y(i). Let w be (h*3/9)/1. Let b(p) = 8*p**3 - p + 1. What is b(w)?
8
Let c(v) be the third derivative of -v**5/40 - v**4/24 - 2*v**3/3 - 4*v**2. Let u(o) be the first derivative of c(o). Calculate u(4).
-13
Let d(s) be the third derivative of s**5/60 + 5*s**4/24 + 2*s**3/3 + 37*s**2. Calculate d(-6).
10
Let z(q) = -q**2 + 13*q - 3. Let t = -10 + 17. Let b(j) = j**2 - 12*j + 3. Let a(i) = t*b(i) + 6*z(i). Suppose 4*m - 2*m - 8 = 0. Give a(m).
-5
Let v(o) = o - 10. Let x be v(12). Let y(d) be the second derivative of -3/2*d**x + 1/2*d**4 + 2*d + 2/3*d**3 + 1/20*d**5 + 0. What is y(-5)?
2
Let k(a) = a**3 - 5*a**2 - 2*a + 7. Let v be 10 - 0/(3 + 1). Let h = 15 - v. Give k(h).
-3
Let v(t) = -t**2 - 3*t - 3. Let s(h) = -h**2 - 2*h - 3. Suppose r = -r - 4. Let c be s(r). Give v(c).
-3
Let v(j) = 3*j**3 - 9*j**2 - 7*j - 13. Let u(t) = 2*t**3 - 9*t**2 - 7*t - 12. Let r(x) = 4*u(x) - 3*v(x). Determine r(-8).
-17
Suppose 0*q = -4*q + 8. Let u(b) = 6 + q*b**2 + 3*b**3 - 2*b + 0*b - 5. Suppose 0 = 5*w - w - 4. Calculate u(w).
4
Let p(r) = r - 5*r + 5*r + 0*r - 4. Calculate p(0).
-4
Let m(n) = -2*n - 5 - 4*n + 3*n**2 + 1 + 3*n. Determine m(3).
14
Let z(v) = v**3 - 4*v**2 + 2*v - 5. Let k be z(4). Let y be 30/(-8)*8/k. Let d be (-54)/y - (-4)/(-10). Let n(f) = -f**3 + 4*f**2 + 5*f - 4. Give n(d).
-4
Let q(k) = k**2 + 3*k - 7. Let w(s) = -s. Let t(o) = -q(o) + 3*w(o). What is t(-5)?
12
Let b(w) = -w**3 + w**2 - w + 1. Let n be ((-4)/16*0)/1. What is b(n)?
1
Let o(x) be the third derivative of x**5/4 + x**4/24 + 11*x**2. Calculate o(-1).
14
Suppose -2 = -o - 3. Let t(i) = 5*i**3 - i**2 + 1. What is t(o)?
-5
Suppose 0*o = -2*o + 58. Suppose 3*m = 3*a + 9, o = -a + 3*a + 5*m. Let s(d) = -2 - d + 2 - a. Calculate s(-4).
2
Let k(h) = h + 1. Let j be 0/((-7)/((-14)/(-6))). Calculate k(j).
1
Let i(c) = c**2 - 5*c + 1. Let d be (-1)/(-3)*0/4. Suppose -b - 2*b - 30 = d. Let a = 14 + b. Determine i(a).
-3
Let k(q) be the third derivative of q**6/120 - 7*q**5/60 + 7*q**4/24 - 2*q**3/3 - 19*q**2. Let f(j) = j**2 + 4*j - 6. Let b be f(-6). Give k(b).
2
Let w(z) be the first derivative of z**2 - 5*z + 17. Calculate w(5).
5
Suppose 2*x - 20 = -16. Let m(r) be the third derivative of 0 + 0*r - x*r**2 + r**3 - 1/24*r**4. What is m(0)?
6
Let z(d) = -5*d**3 - d**2 - d. Let t be (2*9/3)/2. Suppose t*s - 4 = 7*s. Give z(s).
5
Let z(x) = x + 0*x + 1 - 13*x. Suppose -20*i = -19*i + 1. Calculate z(i).
13
Let r(w) = -14*w - 11 - 13*w + 26*w. What is r(-9)?
-2
Let f(d) = -2*d**2 - 19*d - 12. Let k be f(-9). Let p(m) = m**3 + 2*m**2 - 5*m - 4. Determine p(k).
2
Let x(o) = 3*o + 4. Let u = -34 + 29. Give x(u).
-11
Suppose 0 = -2*k - 7*j + 4*j + 2, 0 = k - 4*j - 23. Let v(a) = -a**2 + 9*a - 7. Determine v(k).
7
Let j(m) = 6*m - 4. Let x(a) = -a**3 + 9*a**2 + 11*a - 13. Let y be x(10). Give j(y).
-22
Let w(f) be the first derivative of -1/3*f**3 + 0*f - 9 + 1/2*f**2. Give w(3).
-6
Let q(s) = 4*s**2 + s - 1. Let y be q(1). Let f(d) = 165*d - 333*d + 167*d + 5. What is f(y)?
1
Let x(u) be the first derivative of u**4/4 + 4*u**3/3 - 7*u**2/2 - 4*u + 17. Let v be (-66)/14 - 4/14. What is x(v)?
6
Let w(o) be the second derivative of 2/3*o**3 - 1/3*o**4 + 0 - o**2 - o + 1/10*o**5. Calculate w(2).
6
Let a(r) = r - 14. Suppose j + 0*j = 6*j. Determine a(j).
-14
Let c(x) = x**2 + 3*x. Let a be c(-3). Suppose a = -0*g + g - 4. Let i(w) = -2*w - 4. Let v(m) = -2*m - 5. Let b(n) = 6*i(n) - 5*v(n). Calculate b(g).
-7
Let x(b) = 6 + 0 - 30*b + 2*b**2 + 34*b - 3*b**2. Determine x(5).
1
Let d(k) be the third derivative of k**6/20 - k**5/30 + k**4/12 - k**3/6 - k**2. Let i = 1 + 0. Give d(i).
5
Let q(x) = x**3 + 12*x**2 + 10*x - 11. Suppose 0 = -2*k - 5*u - 17, -2*u - 2*u = k + 7. Let l be q(k). Let w = l + 4. Let i(p) = -p + 2. What is i(w)?
-2
Let f = 7 - 4. Let h(y) be the first derivative of y**3/3 - y**2/2 - 1. Let b(z) = 7*z**2 - 8*z - 2. Let w(u) = -b(u) + 6*h(u). Calculate w(f).
-1
Let w(v) be the second derivative of v**4/12 + 5*v**3/6 + 3*v**2/2 - 17*v. Let g(a) = -6*a**2 + a. Let d be g(1). Determine w(d).
3
Let l(d) be the third derivative of -d**7/5040 - d**6/180 + d**5/12 - 9*d**2. Let m(i) be the third derivative of l(i). Calculate m(-6).
2
Let y(v) = v**2. Let u(q) = q**3 + 5*q - 1. Let b(x) = -u(x) + 5*y(x). Let m(z) = -z**2 - z + 5. Let o be m(0). Let r = -1 + o. Give b(r).
-3
Suppose 15*s - 3 = 12*s. Let w(z) be the third derivative of 3*z**6/40 + z**5/60 + z**4/24 - z**3/6 - 2*z**2. Determine w(s).
10
Suppose -4*m + 55 = -9*m. Let a = m + 17. Let i(t) = 2*t - 5. Give i(a).
7
Let j = -64 - -72. Let f(r) = r**2 - 6*r - 2. Give f(j).
14
Let c = 6 + -4. Let t(k) = -13*k**2 + 11*k**c + 1 + k**3 - 2*k**3 + k. Give t(-3).
7
Let y(w) = -w + 5. Let q be -1 + (-9)/(27/12). Give y(q).
10
Suppose -5*o - 4 = 1. Let h(v) be the first derivative of 11*v**4/4 - v**2/2 - 5*v + 2. Let y(q) = q**3 - 1. Let t(l) = h(l) - 5*y(l). Give t(o).
-5
Let i(h) = -2*h**2 + 7*h - 6. Suppose 0 = -5*s + 8 + 12. What is i(s)?
-10
Suppose -11 = -3*m + 1. Let y(l) = 11*l**3 - 5*l**2 + 19. Let g(t) = 5*t**3 - 2*t**2 + 9. Let d(s) = -13*g(s) + 6*y(s). What is d(m)?
-3
Let x(k) = -k**2 + 3*k + 3. Suppose -2*r + 1 = -5. Let z(n) = n. Let o(a) = r*z(a) - x(a). What is o(3)?
6
Let o(g) = -g**2 + g - 2. Let j be o(0). Let s be (-5 - j) + 2 + 4. Let x(n) = 7*n + 1. Let u(m) = -20*m - 2. Let p(f) = 4*u(f) + 11*x(f). Give p(s).
-6
Let j = 1 - -1. Let c(a) be the first derivative of 3/2*a**2 + 1/3*a**3 - 1 - 2*a. Determine c(j).
8
Let r(x) = 15*x**3 - x**2 + 1. Let w be (-8)/(-16)*1*2. Give r(w).
15
Let c = -23 - -29. Suppose -h + 16 = -c*h + k, 2*h - 8 = 4*k. Let u(t) = -2*t + 4. What is u(h)?
12
Let z(l) = -2*l + 2. Suppose 0 = -3*v - 4*s + 5*s + 15, -s + 20 = 4*v. Suppose v - 4 = -h. Let w(m) = -3*m**3 + m + 1. Let x be w(h). Calculate z(x).
-4
Let c(u) = u**2 + 2*u + 1. Suppose -4*b + 5*y = 20, 0*b - 4*b = 3*y - 12. Let h be (b + 6)/((-36)/24). Determine c(h).
9
Let x = -11 + 8. Let s = x - -2. Let h(o) = -2*o**2 + o. Determine h(s).
-3
Let n(y) be the third derivative of y**5/60 - y**4/24 - 2*y**2. Let d be n(-1). Let t be d/6*0/(-1). Let h(u) = -u**2 + u - 1. What is h(t)?
-1
Let v(i) = 6*i + 6. Let k(f) = 3*f + 5 + 7*f - 5*f. Let y(r) = -5*k(r) + 4*v(r). Give y(4).
-5
Let h(t) = t**3 - t**2 - t + 6. Suppose 10 = i - 5*q, -i + 3*i = -3*q - 6. Give h(i).
6
Let g(s) = 2*s**2 - 4*s - 1. Let h be 8 + -4 + -1*1. Let t be g(h). Suppose 3 = t*w - 4*w. Let l(z) = -2*z - 2. What is l(w)?
-8
Let h(l) = 4*l**2 + 9*l + 4. Let p(a) = -5*a**2 - 10*a - 4. Let s(q) = -6*h(q) - 5*p(q). Calculate s(5).
1
Let w = 8 + -8. Suppose w = 3*a + 6 - 0. Let o(y) = 3*y - 1. What is o(a)?
-7
Let l(j) = -j + 2. Suppose -6*i = -i - u + 13, -2*i = 2*u + 10. Give l(i).
5
Let c(h) = 3 + 13*h**2 + 1 - h**2 - 3. Calculate c(-1).
13
Let s be (-6)/(-21) - 80/(-14). Let f = -2 + s. Let k(o) = -f*o + o**3 - 6